
-1
What is 10 + -4 + (-18 - (5 - 20)) + 0 + 41?
44
Evaluate -50 - (20 + 0 + 27 - 14).
-83
What is the value of -49 + (20 - (12 - ((-17 - 1) + 4)))?
-55
What is the value of (-1 + -1 - -10) + 160 + -155 - 8 - 17?
-12
Calculate 61 + (3 - -2 - (-21 - (67 + -100))).
54
(-10 - 1) + (80 - 56) - (-6 - 54)
73
What is 10 + (13 - 67) - (17 + -1) - (2 + -7)?
-55
-29920 + 30027 + -1 + -68
38
Evaluate (-16 - -3) + -2 + (-2 - -15) + -43.
-45
Calculate 24 + 1 + (121 + -53 - 27).
66
What is -1 - 59 - (-494 + 532 + (-2 - 38)) - 13?
-71
Calculate (24 - 44) + 25 + 4 + -5 - -82.
86
(-224 - -212) + (1 - -1) + 18
8
What is the value of 19 - 20 - 17 - 12 - -6?
-24
What is -13 + 5 - (-3 + -2 + -8 + 1) - 12?
-8
Evaluate -163 - (-73 + 78 + -100).
-68
(0 + 54 - -1) + -1 + -7
47
Calculate 6 - (-18 + (-10 - -2) - -11).
21
What is (4 + -3 - -14) + -10 + 3 + -1 - -86?
93
Evaluate 3 + 7 + (22 - 46) + 7 + 58.
51
Calculate 2813 - 2815 - (-2 - 2 - -44 - (0 - -1)).
-41
Evaluate -3 - (14 + -9 + -64 + -11) - 15.
52
What is 1346 + -1338 - (-13 - -1)?
20
What is 136 + -3 + (-1564 - -1469)?
38
84 + (-68 - 14) - 21
-19
Calculate 2 - (-45 + 34) - (-41 + 0).
54
-5 - (-17 - (34 - 6) - (2 - -6))
48
What is the value of -75 - -87 - 104 - -19?
-73
Evaluate -46 + (81 - 52) + -16.
-33
Calculate 121 + (-102 - (-1 - 1)).
21
Evaluate 42 + -113 + 13 + 3.
-55
What is the value of 1541 + -1563 + (-1 - (-3 - 1 - -3))?
-22
Evaluate 24 + (14 + -17 + -6 - 7).
8
(47 - -34) + -147 - (21 - (0 - -4))
-83
What is the value of (12 - 1 - -66 - (2 - -5)) + -3?
67
What is (80 - 0 - (-15 - (8 - (23 + 0)))) + -11?
69
What is 18 + -16 + -10 - (-5 + (4 + -35 - -3))?
25
Evaluate -30 + 25 + 64 - -3 - (-1 + -1 + 11).
53
2 - (-2 + 1) - (512 + -521) - 17
-5
Evaluate -3 + -7 - (-3 + -6 + -30 + -4).
33
What is -10 + (-4 - 37) + (113 - 16)?
46
What is the value of 31 + 2 + (-49 - -49) + (-30 - -28)?
31
What is 13 + 0 - (-146 + 159 - (1 - 6))?
-5
Calculate (-1 - 2 - (1 - (-18 - -27 - -15))) + 6.
26
What is (19 + (-12 - 22) - -23) + (-36 - (-2 - -5))?
-31
What is the value of -82 + 11 + 205 + -82?
52
Calculate -2 + 1 - (266 + -275).
8
Evaluate -59 + 50 + (-54 - -12).
-51
Calculate (-11 + (3 - 19) + 25 - (-17 + 1)) + -6.
8
What is -157 + 208 + 0 + -4 + -15?
32
What is (-80 - 1 - (27 + -25)) + 121 + -107?
-69
-19 + 167 + -131 - (1 - -24)
-8
What is the value of 260 + -293 + (-2 - (2 - 0))?
-37
Calculate -11 - (28 + -26 + 13 + (3 - -45)).
-74
What is the value of (41 - (47 + 10)) + 76?
60
What is the value of 489 - 484 - (-17 + 2 + (-3 - -4))?
19
-22 + (54 - 59) + 88
61
Evaluate (-14 - -36) + -23 + (38 + 2 - 0).
39
87 + 24 + -95 + -8 + 0 - (0 - -43)
-35
Calculate (-3 - -43) + 2 + (-13 - (4 + 11 - 26)).
40
What is the value of -3 - 13 - (47 + (28 - 39))?
-52
(11 - (-41 - 2)) + -13 + -19
22
Evaluate -9 - (23 + 14 + 3 + -102).
53
Evaluate -1816 + 1537 - -305 - (1 + (13 + -1 - -1)).
12
What is the value of 17 + -33 + (-33 - -33) + (6 - 20)?
-30
Evaluate 31 + (56 - 31) + -91.
-35
What is the value of 0 - 61 - (57 + (-8 - 54))?
-56
Evaluate 64 + -65 + 6 + (3 - 0) + -8.
0
Evaluate 14 + 3 + (-17 + -6 - 0) + 0 + -53.
-59
Evaluate 133 - ((-15 - (-24 + -2)) + 3) - (5 + 6).
108
Calculate -13 + 32 - 37 - (10 - 2).
-26
Evaluate (17 - -26) + -75 + 73.
41
Calculate -2 - (252 - 124) - -93.
-37
Evaluate (36 + -95 - -53) + -40.
-46
-7 + 11 + -1 + (-1 - (1 - -16))
-15
What is the value of -24 - -2 - (1 - (40 + -75 + 36))?
-22
What is -139 - -72 - (1 + (-16 - 12))?
-40
Calculate -911 + 956 + 6 + 3.
54
-80 + 42 - ((-7 - -9) + 6 + (16 - 11))
-51
What is -61 - (-7 + 2 - (49 + -46)) - -1?
-52
Evaluate 12 - 19 - (-17 + -8 + 20 - -15).
-17
Evaluate 5 + (0 - (4 - 1)) + 2 + -25.
-21
(-1 - -11) + (-4 + 10 + 1 - (307 + -285))
-5
Calculate (-33 - -32) + -45 + 51 + (-19 - 0).
-14
Calculate 14 + -23 + 3 + 11 + (-7 - -30).
28
-27 - (-2 - (3 + -14) - (-4 + (46 - 30)))
-24
Calculate -14 + 15 + -4 + (14 - (13 - 12)).
10
What is (-222 + 206 - (3 - 0)) + -14 - -3?
-30
What is the value of 2 + 24 - (-4 + (45 - (-2 - -47)))?
30
(179 - 105) + -70 + (-3 - -4)
5
Evaluate 14 + 74 - -1 - -35 - -12.
136
What is the value of -80 + (-14 - ((-8 - 24) + 20 - -5))?
-87
29 - 31 - (-3 - (-3 - (-16 - -7)))
7
Calculate (-3 - -46) + (1 - (-20 - -5) - 22).
37
What is the value of -22 - ((78 - 65) + -45)?
10
(-15 - -3 - -7) + -35 + -19 + 18
-41
What is the value of 7 + (-20 - ((-26 - -9) + 4)) - 41?
-41
What is -477 + 496 - (90 + 3)?
-74
Evaluate -1 + 20 + (100 - 103) - (-6 + 0 + 7).
15
What is the value of 3 - (-5 + (18 + -2 - 1))?
-7
What is 68 - (-1 + -3 + (29 + (-15 - 2) - 6))?
66
What is (-452 - -348) + (4 - -4 - (-4 + 1 + -2))?
-91
(-4 - -3) + -57 - (18 + (-29 - -1) - -21)
-69
11 - (19 + -4 - (-9 + 5)) - (-53 + -2)
47
What is -40 - (77 - 29) - -125?
37
Evaluate -17 - (1 + -7) - (85 + -43 - 46).
-7
Calculate 9 - (42 - (6 - 5)) - (-14 + 30).
-48
Calculate -38 + (95 - 76) - (11 + 0).
-30
Evaluate -53 + -12 - -2 - -90.
27
Evaluate 12 + (75 + -7 + 3 - (-11 + 14 - -7)).
73
Calculate 4 - (2 + -3 - 1 - (104 - 102)) - -2.
10
What is 126 + (35 + 7 - 106)?
62
What is the value of 6 - -11 - (-34 + 1 - (390 + -381))?
59
Evaluate -111 + (-63 - -312 - 106).
32
Evaluate 33 - (-11 + 4 + (28 - 8 - 5)).
25
Evaluate (24 - 14) + 8 + -9 + 21.
30
What is (80 - -36) + -24 + -73?
19
Calculate -7 - (9 - (9 + 9 + -26 + 38)).
14
Calculate -35 + -27 + 62 + 1 + 32.
33
Evaluate 24 - (7186 + -7188 + (-1 - 0 - (1 + 9))).
37
Evaluate -1366 + 1383 + (-2 - (3 - 1)) - (20 - -1).
-8
Calculate -51 + 1 + 46 - (-3 + -3).
2
Evaluate 0 - (-7 + (-26 + 12 - -5)) - (64 - -13).
-61
Calculate (-30 + 22 + -15 + 2 - -21) + 66.
66
What is the value of 1 + -27 + 13 + 25 + -24 + -18?
-30
Calculate -30 - -78 - 49 - 47.
-48
Calculate -10 + 4 + -2 + (-96 - (-108 - 39)).
43
Calculate -1 + -4 + 99 + -176 + 12.
-70
Evaluate 25 + -136 + 180 + (2 - -8 - -16).
95
(27 - 34) + 13 - 16 - (3 - 0)
-13
Evaluate 39 + -2 - (-471 - -570).
-62
Evaluate 1 + -1 + 2 + (-30 - (11 + -3 - 4)).
-32
Calculate 59 + 2 + -13 + -4 + (29 - 5).
68
(26 - -1) + (70 - 166) + -8 + 1 + -4
-80
Evaluate 7 + -8 + 4 + (10 - (1 - -9)).
3
10 - (0 - -10 - (7 + -18 + 31 + 3))
23
-130 + 95 + (-63 - -181)
83
What is -8 + 5 - (-3 + -2 - (-2 + -20) - -11)?
-31
What is (-38 - (44 - 88)) + -2 + (-18 - 3)?
-17
What is the value of -43 + -1 + 41 + -35 + 14?
-24
Evaluate -30 + 38 + (20 - 68) + (-1 - -15).
-26
Calculate -13 + 3 + -69 + 15 + (-3 - -1).
-66
12 + (-2 - -16) + 6 + -3 + 0
29
What is the value of (-1 - -1) + -53 + (-37 + -77 - -111)?
-56
Calculate 4 + 5 + 11 + (-25 - -6) + 11.
12
-11 - (-99 + 37 - -16)
35
What is the value of 54 + 2 + -10 + 7 + -24?
29
Calculate (-31601 - -31479) + (-1 - -6).
-117
-14 + 47 + -41 + 36
28
What is 1911 + -1924 + -102 + -1 + (5 - 0)?
-111
Calculate 11 + -35 + -3 + 26.
-1
Calculate -10 + 1 - (186 + -19 + -173).
-3
What is the value of 1 + -19 - (-113 + 123 - (-9 - -1))?
-36
What is 57 + -24 + -51 + 83 + 3?
68
Evaluate (3 + -27 - (-45 - -26)) + 58.
53
-14 + 0 - (-296 - -302) - -76
56
Evaluate -24 - ((-6 - 57) + -8 + -1).
48
Calculate (-18 - (-12 + 18 + 43) - -17) + 10 + -2.
-42
Calculate -2 + 114 + 4680 + -4760.
32
Evaluate 5 + -25 + (22 - (-15 + 15)).
2
Calculate (2 - 46) + 1 - (246 + -251).
-38
What is 3 + (2 - 4) - (71 + -60 + -7 + -9)?
6
What is 8 + 924 + -921 + (5 - 7) + (0 - 0)?
9
What is the value of -57 - (75 + -51 + -22)?
-59
What is the value of 39 + 0 - (-15 - (9 - 22))?
41
Evaluate (7 - -2) + (116 - (22 + 79)).
24
2 - (0 - 17) - (-3499 - -3488)
30
What is 54 + (1 + -24 - 36)?
-5
Evaluate (-6 + 2 - (-2 + 0)) + (131 + -83 - 47).
-1
Calculate (5 - 13) + -2 + 59 + -2 + -16.
31
What is the value of -8 + 3 + -4 - (60 - 64) - -36?
31
What is 23 + (107 - 187) - -74?
17
Calculate -34 + 90 + -1 + 16 + 5.
76
What is the value of -85 - -82 - -121 - 24?
94
-1 + 87 - (143 - 141) - ((2 - 3) + 11)
74
What is the value of (-17 - 1) + 25 + (1 - ((-2 - -37) + -4))?
-23
Calculate (-235 - -195) + -36 + 133.
57
Calculate 78 + 4 + -3 + 9 + -1 + 13.
100
-2 + -50 + (-133 - -133) - (2 - 6)
-48
Evaluate 13 - 0 - (1751 - 1731).
-7
Calculate -34 + -18 + (33 - -67) + -32.
16
What is -30 - (-7 + -11) - -3 - (0 + (-1 - 29))?
21
What is -211 + 200 + (16 + -2 - 6)?
-3
Calculate 171 + -39 + 43 + 0 - 48.
127
What is the value of -68 + 150 + (-34 - 6)?
42
-12 + 2 - (-